{"id":20,"date":"2020-12-07T22:50:43","date_gmt":"2020-12-07T21:50:43","guid":{"rendered":"http:\/\/ppe.sciencespo-lille.eu\/?page_id=20"},"modified":"2022-02-25T22:16:13","modified_gmt":"2022-02-25T21:16:13","slug":"memoire-de-recherche-rapport-dexpertise-et-bachelorarbeit","status":"publish","type":"page","link":"https:\/\/ppe.sciencespo-lille.eu\/index.php\/memoire-de-recherche-rapport-dexpertise-et-bachelorarbeit\/","title":{"rendered":"M\u00e9moire de recherche et Bachelorarbeit (M1)"},"content":{"rendered":"\n<p>La 4<sup>\u00e8me<\/sup>\u00a0ann\u00e9e de la majeure PPE est notamment marqu\u00e9e par la r\u00e9daction d\u2019un m\u00e9moire de recherche ou d&rsquo;une\u00a0<em>Bachelorarbeit\u00a0<\/em>(pour les \u00e9tudiantes et \u00e9tudiants en FIFA).<\/p>\n\n\n\n<p>Voici une liste non exhaustive de m\u00e9moires de recherche et de <em>Bachelorarbeiten<\/em> dont les th\u00e9matiques donnent \u00e0 voir la diversit\u00e9 des sujets pouvant \u00eatre abord\u00e9s au sein de la majeure AP.<\/p>\n\n\n\n<h3 class=\"wp-block-heading\"><strong>M\u00e9moires de recherche<\/strong><\/h3>\n\n\n\n<ul class=\"wp-block-list\"><li>AKSIL M\u00e9lissa, <em>Homme \u00e0 projets, laissez-faire et pr\u00eat \u00e0 int\u00e9r\u00eat : Smith versus Bentham<\/em> (2020)<\/li><li>DAUDRE Nathan, <em>Les enjeux m\u00e9moriels en Ha\u00efti au XXI\u00e8me si\u00e8cle. Le cas du bicentenaire de l&rsquo;ind\u00e9pendance en 2004<\/em> (2020)<\/li><li>CAVRET Margot, <em>Don et \u00e9conomie : pens\u00e9es \u00e0 partir de Levinas<\/em> (2018)<\/li><li>MASSCHELEIN Julie, <em>Jean-Jacques Rousseau : une philosophie de la consommation<\/em> (2018)<\/li><\/ul>\n\n\n\n<h3 class=\"wp-block-heading\"><strong><em>Bachelorarbeit<\/em><\/strong><\/h3>\n\n\n\n<ul class=\"wp-block-list\"><li>LETILLY Lo\u00efc, <em>Geld,<\/em> <em>Anerkennung und Individualisierung: Georg SIMMELS Philosophie de Geldes aus der Perspektive der Theorie der Anerkennung von Axel HONNETH<\/em> (2020)<\/li><\/ul>\n\n\n\n<p>Vous pouvez \u00e9galement&nbsp;<a rel=\"noreferrer noopener\" href=\"http:\/\/www.sciencespo-lille.eu\/bibliotheque\/documents-bibiliotheque\" target=\"_blank\"><strong>consulter les archives<\/strong><\/a>&nbsp;des m\u00e9moires de recherche, rapports d\u2019expertise et&nbsp;<em>Bachelorarbeiten&nbsp;<\/em>des ann\u00e9es pr\u00e9c\u00e9dentes.<\/p>\n","protected":false},"excerpt":{"rendered":"<p>La 4\u00e8me\u00a0ann\u00e9e de la majeure PPE est notamment marqu\u00e9e par la r\u00e9daction d\u2019un m\u00e9moire de recherche ou d&rsquo;une\u00a0Bachelorarbeit\u00a0(pour les \u00e9tudiantes et \u00e9tudiants en FIFA). Voici une liste non exhaustive de m\u00e9moires de recherche et de Bachelorarbeiten dont les th\u00e9matiques donnent \u00e0 voir la diversit\u00e9 des sujets pouvant \u00eatre abord\u00e9s au sein de la majeure AP. [&hellip;]<\/p>\n","protected":false},"author":1,"featured_media":0,"parent":0,"menu_order":0,"comment_status":"closed","ping_status":"closed","template":"","meta":{"_seopress_robots_primary_cat":"","_seopress_titles_title":"","_seopress_titles_desc":"","_seopress_robots_index":"","ocean_post_layout":"","ocean_both_sidebars_style":"","ocean_both_sidebars_content_width":0,"ocean_both_sidebars_sidebars_width":0,"ocean_sidebar":"0","ocean_second_sidebar":"0","ocean_disable_margins":"enable","ocean_add_body_class":"","ocean_shortcode_before_top_bar":"","ocean_shortcode_after_top_bar":"","ocean_shortcode_before_header":"","ocean_shortcode_after_header":"","ocean_has_shortcode":"","ocean_shortcode_after_title":"","ocean_shortcode_before_footer_widgets":"","ocean_shortcode_after_footer_widgets":"","ocean_shortcode_before_footer_bottom":"","ocean_shortcode_after_footer_bottom":"","ocean_display_top_bar":"default","ocean_display_header":"default","ocean_header_style":"","ocean_center_header_left_menu":"0","ocean_custom_header_template":"0","ocean_custom_logo":0,"ocean_custom_retina_logo":0,"ocean_custom_logo_max_width":0,"ocean_custom_logo_tablet_max_width":0,"ocean_custom_logo_mobile_max_width":0,"ocean_custom_logo_max_height":0,"ocean_custom_logo_tablet_max_height":0,"ocean_custom_logo_mobile_max_height":0,"ocean_header_custom_menu":"0","ocean_menu_typo_font_family":"0","ocean_menu_typo_font_subset":"","ocean_menu_typo_font_size":0,"ocean_menu_typo_font_size_tablet":0,"ocean_menu_typo_font_size_mobile":0,"ocean_menu_typo_font_size_unit":"px","ocean_menu_typo_font_weight":"","ocean_menu_typo_font_weight_tablet":"","ocean_menu_typo_font_weight_mobile":"","ocean_menu_typo_transform":"","ocean_menu_typo_transform_tablet":"","ocean_menu_typo_transform_mobile":"","ocean_menu_typo_line_height":0,"ocean_menu_typo_line_height_tablet":0,"ocean_menu_typo_line_height_mobile":0,"ocean_menu_typo_line_height_unit":"","ocean_menu_typo_spacing":0,"ocean_menu_typo_spacing_tablet":0,"ocean_menu_typo_spacing_mobile":0,"ocean_menu_typo_spacing_unit":"","ocean_menu_link_color":"","ocean_menu_link_color_hover":"","ocean_menu_link_color_active":"","ocean_menu_link_background":"","ocean_menu_link_hover_background":"","ocean_menu_link_active_background":"","ocean_menu_social_links_bg":"","ocean_menu_social_hover_links_bg":"","ocean_menu_social_links_color":"","ocean_menu_social_hover_links_color":"","ocean_disable_title":"default","ocean_disable_heading":"default","ocean_post_title":"","ocean_post_subheading":"","ocean_post_title_style":"","ocean_post_title_background_color":"","ocean_post_title_background":0,"ocean_post_title_bg_image_position":"","ocean_post_title_bg_image_attachment":"","ocean_post_title_bg_image_repeat":"","ocean_post_title_bg_image_size":"","ocean_post_title_height":0,"ocean_post_title_bg_overlay":0.5,"ocean_post_title_bg_overlay_color":"","ocean_disable_breadcrumbs":"default","ocean_breadcrumbs_color":"","ocean_breadcrumbs_separator_color":"","ocean_breadcrumbs_links_color":"","ocean_breadcrumbs_links_hover_color":"","ocean_display_footer_widgets":"default","ocean_display_footer_bottom":"default","ocean_custom_footer_template":"0","footnotes":""},"class_list":["post-20","page","type-page","status-publish","hentry","entry"],"_links":{"self":[{"href":"https:\/\/ppe.sciencespo-lille.eu\/index.php\/wp-json\/wp\/v2\/pages\/20","targetHints":{"allow":["GET"]}}],"collection":[{"href":"https:\/\/ppe.sciencespo-lille.eu\/index.php\/wp-json\/wp\/v2\/pages"}],"about":[{"href":"https:\/\/ppe.sciencespo-lille.eu\/index.php\/wp-json\/wp\/v2\/types\/page"}],"author":[{"embeddable":true,"href":"https:\/\/ppe.sciencespo-lille.eu\/index.php\/wp-json\/wp\/v2\/users\/1"}],"replies":[{"embeddable":true,"href":"https:\/\/ppe.sciencespo-lille.eu\/index.php\/wp-json\/wp\/v2\/comments?post=20"}],"version-history":[{"count":16,"href":"https:\/\/ppe.sciencespo-lille.eu\/index.php\/wp-json\/wp\/v2\/pages\/20\/revisions"}],"predecessor-version":[{"id":372,"href":"https:\/\/ppe.sciencespo-lille.eu\/index.php\/wp-json\/wp\/v2\/pages\/20\/revisions\/372"}],"wp:attachment":[{"href":"https:\/\/ppe.sciencespo-lille.eu\/index.php\/wp-json\/wp\/v2\/media?parent=20"}],"curies":[{"name":"wp","href":"https:\/\/api.w.org\/{rel}","templated":true}]}}